e (-2 - -11)*(28 - -5). Suppose -10*v = -7*v - n. What is the units digit of v?
9
Let a(s) = -s**2 + 6*s + 3. Let o be 2 - (4 - 3)/(-1). Let r be a(o). Suppose 4*g = 2*m + 102, 3*m + 11 + r = g. What is the tens digit of g?
2
Let p = 2322 - -165. What is the units digit of p?
7
Let v = -17 - -25. Let n(c) = -2*c - 4*c - c**2 + c + v. What is the units digit of n(-6)?
2
Suppose 21*p = 14*p + 3402. What is the hundreds digit of p?
4
Let f = -72 - -250. Suppose -284 = -7*v + f. What is the units digit of v?
6
Let l = -4669 - -7226. What is the thousands digit of l?
2
Let a be 3 - (18 - (7 + -4)). What is the units digit of (a/(-20))/(2/150)?
5
Let f = -6 + 6. Suppose -2*k = 2*r - 56, -2*k - 31 = -r - f. What is the units digit of r?
9
Let h(s) = -9*s**3 - 3*s - 16. What is the hundreds digit of h(-3)?
2
Let c be (-240)/42*14/(-4). Suppose c + 13 = 3*d. What is the tens digit of d?
1
Let n = 1 + -2. Let u be 26 - (0/(-2))/n. Let o = u - 2. What is the tens digit of o?
2
Suppose -2*r = 5*k, -3*k - 3*r = -2*r + 1. What is the tens digit of 55 - (k - 0)*-1?
5
Let g be ((-18)/(-15))/(6/340). Suppose -p + 4 = 0, 2*r + 9 - 1 = 4*p. Suppose -r*t = -g - 28. What is the tens digit of t?
2
Suppose 1972 = 3*m + r, 3*m + 4*r - 639 = 2*m. Let p = -333 + m. What is the units digit of p?
6
Let c = -168 + 281. What is the hundreds digit of c?
1
Let x be -3 + (-22 - 3) + -1. Let f = x + 32. What is the units digit of f?
3
What is the tens digit of -6*(-75)/35*7 + 5?
9
Let j = -167 - -906. Suppose j = 7*p - 1172. What is the tens digit of p?
7
Let j(v) = 398*v - 5. What is the thousands digit of j(5)?
1
Let c(o) = 18 + 33*o - 10*o - 8. Let j be c(19). What is the units digit of j/6 + 6/(-12)?
4
Let d(r) be the third derivative of r**5/20 - r**4/3 - r**3/6 + 10*r**2. Let u be d(8). Suppose -5*z + u = 7. What is the tens digit of z?
2
Let t(p) = p**3 - 9*p**2 - 6*p - 10 - 7*p + 19*p**2. What is the tens digit of t(-11)?
1
Let x = 17 + -21. Let n be -19*(x + (-3 - -3)). Suppose -n = -5*b + 199. What is the tens digit of b?
5
Let x(z) = 7*z + 119. What is the units digit of x(6)?
1
Suppose -p + 1 = 0, 30*b - 27*b - 2*p - 3385 = 0. What is the tens digit of b?
2
Let i be 4/(-18) + 7/(63/515). Suppose 0 = -b - i + 191. What is the units digit of b?
4
Let i(y) = 2*y**2 + 12*y + 8. Let x be (-8)/(-14)*(0 - -7). Suppose 0 = 6*c - x*c + 16. What is the units digit of i(c)?
0
Let n = 76 - 53. Let f(m) = m**2 - 19*m - 51. What is the units digit of f(n)?
1
Let g(t) = -40*t**3 - 15*t**2 + 11*t + 66. What is the units digit of g(-5)?
6
Suppose 134*b + 1188 = 137*b. Suppose 9*d + b = 15*d. What is the tens digit of d?
6
Let f be (12/20)/(((-6)/2)/(-15)). What is the tens digit of (-2)/f*-150 - (0 - 2)?
0
Suppose -5*x + 20 = 2*m + 3*m, -5*x = m. Suppose -m*p = 2*p - 28. Suppose -p*l = 2*u - 130, 0 = 3*u - 0*u + 3. What is the tens digit of l?
3
Let n be 2/(((-4)/144)/((-1)/(-2))). What is the units digit of -2 - (n/3)/3?
2
Let i(o) = o**3 + o**2 + o - 1. Let w(b) = -10*b**3 - 2*b**2 - 2*b + 1. Let m(c) = 2*i(c) + w(c). Let j be m(1). What is the units digit of 38/1 + j/3?
5
What is the units digit of ((-1218)/(-70))/(3/15)?
7
Let t(d) = 2*d**3 + 11*d**2 - 9*d - 9. Suppose 12*l - 11*l = -5. What is the units digit of t(l)?
1
Let a = -2254 + 3796. What is the thousands digit of a?
1
Suppose w - 5*w = 0. Suppose 5*s - 2*s - 123 = w. Let n = 62 - s. What is the tens digit of n?
2
Let r(w) = w**3 + 105. Let c = 62 + -62. What is the tens digit of r(c)?
0
Let l = -13 - -18. Suppose c + 4*g = 4, 5*g - 2 = -l*c + 4*c. What is the units digit of (c/24)/(2/176)?
4
Suppose -j = m + 4*j - 2145, -j - 6515 = -3*m. What is the thousands digit of m?
2
Suppose -226 = -9*z - 307. Suppose 2*g + 226 = -14. What is the tens digit of ((-27)/(-12))/(z/g)?
3
Let g(a) = a + 420. What is the hundreds digit of g(0)?
4
Let u(p) = -p**3 + 10*p**2 - 9*p + 9. Let c be u(8). Suppose -2*t = -7*t - c. What is the units digit of -1*(1 + 1)*t?
6
Let j(c) = 65*c + 1. Let g be j(-4). Let s = g - -501. What is the hundreds digit of s?
2
Suppose 0*g + 2*g - 16 = 2*o, -4*g = 4*o + 8. Suppose 0 = g*x - x. Let m = 18 - x. What is the tens digit of m?
1
Suppose -5*c + 3758 = -3*a, 20*c - 19*c = -4*a + 747. What is the units digit of c?
1
Let m be 45/(-20)*(-8)/3. Suppose 3*t + 312 = m*t. Let j = t - 56. What is the units digit of j?
8
Let m(r) = -r**2 + 11*r - 14. Let w be m(9). Suppose -u - 2*u - f + 27 = 0, 12 = -w*f. What is the units digit of u?
0
What is the units digit of ((-1584)/(-55))/((-10)/(-325))?
6
Let b = 104 + -109. Let q(l) = -2*l + 2 + 3*l - 2*l. What is the units digit of q(b)?
7
Suppose 4*b - 4*f - 920 = 0, 0 = -f + 9 - 4. What is the hundreds digit of b?
2
Let r(p) = -p**2 - 14*p + 8. Let k be r(-13). Let y = -11 + k. Suppose -y*f + 120 = -5*f. What is the tens digit of f?
2
Suppose 0 = 31*f - 23*f - 1248. What is the hundreds digit of f?
1
Let w(v) = 3*v**2 - 41*v - 68. What is the hundreds digit of w(31)?
5
Suppose 20 = 2*g - 10. Let c(r) = r**3 - 3*r**2 + r - 5. Let a be c(3). Let w = a + g. What is the units digit of w?
3
Suppose 0*j + 4*j + 12 = 0, 0 = -5*t + 4*j + 492. Suppose 0 = 3*u - 6*c + 5*c + 149, -4*u + 5*c = 206. Let m = t + u. What is the tens digit of m?
4
Suppose 4*g + 17 = h, 3*h - 5*g = 16 + 14. Suppose 5*a - r - 132 = 0, 2*a = -5*r + 32 + 10. Suppose -4*b - 5 = -9*b, b - a = -h*z. What is the units digit of z?
5
Let s = 15 + -11. Suppose p + 84 = s*p. What is the tens digit of p?
2
Suppose -3*z - 78 = -z. Let d = z - -67. What is the units digit of d?
8
Let z(v) = 57*v - 393. What is the tens digit of z(16)?
1
Suppose 2*o = 3*f + 2*f + 205, -2*f + 374 = 4*o. What is the tens digit of o?
9
What is the thousands digit of (-120 + (-8 - -1))/(3/(-99))?
4
Let l(y) = -y**3 + 11*y**2 - 17*y - 6. Let h be l(9). Suppose h*v + 620 = 7*v. What is the tens digit of v?
5
What is the hundreds digit of (0 + 114/15)/(30/21750)?
5
Suppose -137*x - 74120 = -177*x. What is the hundreds digit of x?
8
Suppose 2*g - q = q + 2, -2*g - q - 7 = 0. Let f be ((-90)/(-24))/(g/(-8)). Suppose -z - i - f = 3*i, -i = 5*z - 1. What is the units digit of z?
1
Let o(n) = n**3 - 12*n**2 + 10*n + 16. Let u be o(11). Let f = u - -148. What is the units digit of f?
3
Let h(o) = o**2 - 5*o - 11. Let t(m) = m**3 - m**2 - m + 16. Let u be t(0). Suppose u - 48 = -4*g. What is the units digit of h(g)?
3
Suppose -97 = 5*v - f - 557, v - 101 = 2*f. What is the units digit of v?
1
Let f = -130 + 134. Suppose 0 = -g + f*h + 18 + 24, 5*g + 5*h = 160. What is the tens digit of g?
3
Let o(p) = -p**2 + p + 2. Let k be o(0). Suppose -f + k*c = -72, 0 = -3*f + f - 3*c + 179. Suppose 14*m - 12*m = f. What is the tens digit of m?
4
Suppose 5*h + 3*z - 3691 = 4219, 5*z = 3*h - 4780. What is the units digit of h?
5
Let i be (1/(3/(-382)))/(4/6). What is the tens digit of (3/12*i)/((-6)/24)?
9
Let h be (-8)/76 + 55/(-19). What is the hundreds digit of 1 + h + 1122/11?
1
Let y(z) be the second derivative of -z**5/20 + 5*z**4/12 - z**3/6 + 7*z**2/2 + 9*z. Let t be y(5). Suppose -j - 48 = -t*j. What is the units digit of j?
8
Let j be 16/(-6)*(72*6)/(-2). Suppose -5*r = -8*r + j. What is the hundreds digit of r?
1
Let a = -9766 + 14163. What is the units digit of a?
7
Let y = 723 + -403. What is the hundreds digit of y?
3
Let b(w) = -20*w**3 - 3*w**2 - w + 2. Let j = 62 - 64. What is the units digit of b(j)?
2
Let a = 1268 - 668. What is the tens digit of a?
0
Let q = -39 + 57. Suppose -q*n + 15*n + 282 = 0. What is the tens digit of n?
9
Let n(h) = -h**3 - 8*h**2 - 13*h - 9. Let s be n(-6). What is the units digit of s/(5/(5730/(-18)))?
1
Suppose 3*c - h - 15 = -4, -3*c - 4*h = -1. Let n(p) = -3*p**2 - 2*p - p**2 + 2*p**2 + 4 + 2*p**c. What is the units digit of n(3)?
4
Suppose -7*r + 4*r = -21. Suppose -3*w - p = -390, -4*w - r*p + 2*p + 520 = 0. What is the units digit of w?
0
Let h(f) be the third derivative of f**6/120 - f**4/12 + f**3/3 - 8*f**2. Let x be h(2). What is the units digit of 12 - ((3 - x) + 3)?
2
Let o(j) = 32*j - 173. What is the units digit of o(18)?
3
Let b(s) be the second derivative of 13*s**5/5 + s**3/6 - s**2 - 9*s. What is the tens digit of b(1)?
5
Let i = 5408 - -709. What is the tens digit of i?
1
Let w = -1153 